highest common factor of k and 42?
14
Let i be 2/4 + (-14)/(-4). Let h be 2/(-3)*(-6)/i*13. What is the greatest common divisor of h and 13?
13
Suppose 35*c + 273 - 1008 = 0. Calculate the greatest common divisor of 119 and c.
7
Let y be 0/((-1*4)/(-4)). Let z be y*(-3 - 20/(-8)). Suppose z = -n - 2, -5*n + 10*n + 19 = c. Calculate the highest common divisor of c and 3.
3
Suppose 2*f - 5*j - 49 = 34, -2*f = 3*j - 43. Let m = f + 3. What is the highest common factor of m and 4?
4
Let v(g) = -2*g**3 - 8*g**2 - 6*g + 9. Let x be (-170)/(-51)*(-6)/20*4. Let j be v(x). What is the greatest common divisor of 3 and j?
3
Suppose -i - k = k - 11, -4*i = -2*k - 34. Suppose -2*h - u = -195, -4*h + 3*u + 142 = -263. Calculate the highest common factor of i and h.
9
Let o(k) = 27*k - 1 - 28*k + 3. Let s be o(-4). Suppose d - s*w + 12 = -w, 0 = d + 3*w - 28. Calculate the greatest common factor of 104 and d.
13
Let j be ((-768)/80)/(3/10). Let c = j - -39. What is the highest common divisor of c and 14?
7
Suppose -11 = 2*l - 2*o + 27, 88 = -5*l - 2*o. Let b = 82 - 37. Let x be (-149 - 1)*l/b. Calculate the highest common factor of 24 and x.
12
Let u be 4020/36 - 2*1/(-6). Suppose 0 = -6*d + u + 2. What is the highest common factor of d and 19?
19
Let t be (-30)/(-16) - ((-205)/40 + 5). Let y = -39 - -61. What is the greatest common divisor of t and y?
2
Suppose -12*a = -1079 + 179. What is the highest common factor of a and 6?
3
Let w = 103 + -61. Calculate the highest common factor of 1008 and w.
42
Let o = 914 + -890. Calculate the highest common divisor of o and 132.
12
Suppose -3*n + 92 + 17 = -5*s, 0 = 3*s + 15. Suppose 10 = -c + 14, 3*b = c + 332. Calculate the highest common factor of b and n.
28
Let r = -14 - -19. Suppose -4*n + 41 = 4*k + n, -3*k + 37 = r*n. Let m be (-16)/10*(-110)/4. What is the highest common divisor of m and k?
4
Let t be 4 - (0 + 2) - 122/(-2). Let c = 112 - t. What is the highest common divisor of c and 7?
7
Suppose o - 28 = -o. Let b be (-2)/(-11) + (-779)/(-11). Suppose 0 = 4*l - b - 41. What is the highest common factor of o and l?
14
Suppose -3*z - h + 6*h + 145 = 0, 4*z - 3*h = 175. Suppose 0 = -3*c + 2*y + 54, 4*c = -5*y + 26 + 69. Calculate the highest common factor of z and c.
20
Let i be (-21 - (9 + -18)) + 152. Suppose 2*v - 6*v + 24 = 0. Suppose -54 - v = -3*q. What is the highest common factor of i and q?
20
Let w be 606/24 - 80/64. What is the greatest common divisor of w and 156?
12
Let n = 342 - 162. Suppose 0 = d + 3*q - n, -5*d + 846 = -0*q - 3*q. Calculate the highest common divisor of 19 and d.
19
Suppose 0 = 44*d - 46*d + 54. Calculate the greatest common divisor of d and 216.
27
Let i(y) = -10*y - 70. Let a be i(-11). Calculate the highest common factor of a and 10.
10
Let w = -82 - -82. Suppose w = -3*q + 5*q - 24. Let y = -3 - -15. What is the greatest common divisor of q and y?
12
Suppose 3*o = -3*f + 75, 6*f - 5*f = o - 29. What is the greatest common divisor of o and 198?
9
Let v be 0 + (10 - (2 + 1)). Let o = v - -7. Let k be 3/((-18)/4)*-3. Calculate the greatest common factor of o and k.
2
Let y(q) = -2*q + 26. Let b be y(11). Suppose -f = -b*s - 59, 3*s + 24 - 9 = 0. Calculate the greatest common factor of 78 and f.
39
Let p = 9 + 41. Suppose 0 = -p*s + 42*s + 1496. Let u be (17/2)/(1/2). What is the greatest common divisor of u and s?
17
Let f(k) = k**3 + 13*k**2 + 7*k - 21. Let d be f(-9). Calculate the greatest common divisor of d and 12.
12
Suppose 3*l = -12, -5*a = -3*a + 3*l + 6. Let w = a + -2. Let c = 1 + w. What is the highest common divisor of c and 18?
2
Let n(x) = -x + 3. Let u be n(1). Suppose 20 = b + b. Calculate the highest common divisor of u and b.
2
Suppose 2*u = 3*u - 6. Suppose u*k + 70 = 13*k. What is the greatest common factor of k and 5?
5
Let f = -47 + 37. Let r be 10*(-25)/f*2. Let s = -21 + 31. What is the greatest common factor of s and r?
10
Let v be 30/9 - 3/(9/(-2)). Suppose v*z = 306 + 30. Calculate the highest common factor of z and 12.
12
Let d(c) = 54*c + 402. Let f be d(-7). Calculate the highest common divisor of f and 80.
8
Let n(z) = 7*z**2 - 2*z + 3. Let b be n(-3). Let y = -56 + b. Calculate the highest common divisor of 40 and y.
8
Let g = -162 + 183. What is the highest common divisor of 77 and g?
7
Let t = 511 + -423. Calculate the greatest common divisor of 110 and t.
22
Let t = 27 - 17. Suppose -96*g = -28*g - 1700. What is the greatest common divisor of t and g?
5
Let g be (-1)/(1*3/(-105)). Suppose 0 = 2*w + 3*w - g. What is the greatest common divisor of w and 28?
7
Suppose 34*x + 738 = 244*x - 5142. Let l = 42 + -30. Calculate the highest common factor of x and l.
4
Suppose -117 = -5*z - 42. Let b(v) = -v**2 + 21*v - 44. Let i be b(z). Let p = -57 - -172. What is the greatest common factor of p and i?
23
Let r be (4 - 4) + (1 - -4). Suppose 3*m + 76 = -m - 4*j, -r*j = 0. Let s = m - -28. Calculate the highest common factor of s and 6.
3
Let y(d) = 1 - 16*d - 2*d + 1. Let k be y(-3). Let t = 693 - 679. What is the highest common factor of t and k?
14
Let c = -200 - -99. Let g = c + 173. Suppose a + g = 4*a. What is the highest common divisor of a and 24?
24
Suppose -2*z + 56 = 2*z. Let f(b) = 2*b**3 - 19*b**2 + 12*b - 20. Let g be f(9). Calculate the highest common factor of g and z.
7
Let z be ((-4 - -6) + 1)/(-1). Let h be ((-2)/z)/((-10)/(-240)). What is the greatest common factor of 80 and h?
16
Let l(o) = -33*o - 110. Let h be l(-19). Calculate the greatest common divisor of 94 and h.
47
Let m(z) = -z**3 - 4*z**2 - 2*z - 6. Let h be m(-4). Let r = h + 0. Suppose -r*n - 88 = -4*n. Calculate the greatest common factor of n and 22.
22
Suppose 30*p - 300 = 27*p. What is the highest common factor of p and 60?
20
Let a = -495 - -503. Calculate the greatest common divisor of 568 and a.
8
Let r = 50 - 24. Suppose -r - 16 = -6*c. Suppose -2*w = -c - 9. What is the greatest common divisor of 1 and w?
1
Let m be (8/(-4 + 2))/2. Let a be m/6 + 304/48. What is the greatest common factor of a and 6?
6
Let u be (8 - 0)/2*9/12. Suppose 23 = -u*c - 4*b + 61, -4*b = -5*c + 42. What is the greatest common divisor of 40 and c?
10
Let o(q) = 12*q**2 - 5*q - 3. Let r(i) = 4*i**2 + 2. Let b be r(-1). Let x be o(b). What is the highest common factor of x and 19?
19
Let t be (1 - 1) + 1 - -4. Let q be (-1)/5 - -3 - (-2)/10. Suppose t*l = 5*m + 70, -l - 24 = -q*l + 3*m. What is the greatest common divisor of 45 and l?
9
Let u(z) = 19*z + 30. Let f be u(3). Let r = -51 + f. Calculate the greatest common factor of 12 and r.
12
Let m be (-115)/3 + (-7)/(-21). Let x = -29 - -25. Let l be m/x - 1/(-2). What is the highest common factor of l and 90?
10
Let i = 329 - 320. What is the greatest common factor of 279 and i?
9
Suppose 0 = 88*a - 98*a + 1760. Calculate the greatest common divisor of 22 and a.
22
Suppose -5*c - 72 = -272. Let k = 49 - c. What is the greatest common divisor of 18 and k?
9
Suppose 5*g + k - 201 = -2*k, -g - 5*k + 27 = 0. What is the greatest common factor of g and 168?
42
Let x(c) = -3 + 7*c + 0 - 2 - 4. Let y be x(7). Suppose 0 = -2*p + 6*p - y. Calculate the highest common factor of 50 and p.
10
Let b = -2763 - -2959. What is the greatest common divisor of 21 and b?
7
Suppose 306 + 519 = 11*i. Calculate the highest common divisor of 175 and i.
25
Let t = 78 + -12. Let o = -35 + t. Let v = 319 - 226. Calculate the greatest common factor of v and o.
31
Let n = -101 - -317. Suppose -6*o - 80 = -2*o. Let i be o/(-110) - n/(-22). Calculate the highest common factor of i and 40.
10
Let a = -20 - -42. Let n = a - 4. Suppose 4*x - n = 2*x. Calculate the greatest common divisor of 36 and x.
9
Suppose -5*f = -8*f + 4*y + 272, y = -2*f + 196. Calculate the greatest common divisor of 276 and f.
12
Let a be 4/(-6) - ((-122)/3 + 4). What is the highest common factor of 252 and a?
36
Suppose -31*j - 1050 = -36*j. What is the greatest common factor of 168 and j?
42
Suppose -q = -0*q + 33. Let t = q - -124. What is the greatest common divisor of 7 and t?
7
Suppose -2*w - 35 + 3 = -y, 2*y - 74 = 2*w. Suppose -128 + y = -3*i - 5*b, b = 1. Calculate the highest common divisor of i and 216.
27
Suppose -2*q + 3*g + 69 = 2*q, 75 = 4*q - 5*g. Calculate the greatest co